is divided by z.
9
Let s(r) = -2*r - 12. Let f be s(-7). Let o(v) = 17*v**2 - v + 1. Calculate the remainder when o(f) is divided by 17.
16
Let s(p) = 2*p**2 + 5*p. Let r = 17 - 39. Let n = -17 - r. What is the remainder when s(-4) is divided by n?
2
Suppose u = -0*u + 2*v + 28, 0 = u - 5*v - 37. What is the remainder when (-4)/30 - (0 + (-5168)/60) is divided by u?
20
Let m(c) = c**3 + 8*c**2 - 8*c + 2. Let y be m(-7). Suppose 5*z = 4*g + y, 4*g = z + g - 28. Calculate the remainder when 73 is divided by z.
16
Let t(o) = -o**3 - 4*o**2 + 2*o - 6. What is the remainder when (-1)/(-1*2/34) is divided by t(-5)?
8
Suppose -512 = 9*z - 11*z. Let q be (0 - 1)/(2/(-8)). What is the remainder when 27 is divided by q/(-18) - z/(-18)?
13
Suppose -5*h + 6*h = 11. Let v = h + -11. Let k = v - -2. Calculate the remainder when k is divided by 1.
0
Calculate the remainder when 39 is divided by (-292)/(-28) + 4/7.
6
Let v(s) = -s**3 + 7*s**2 + 8*s + 4. Suppose -5*r = -7 - 33. What is the remainder when 5 is divided by v(r)?
1
Suppose -3*j - 72 = -2*l, 0*j = 5*l - 2*j - 158. Calculate the remainder when l is divided by 16.
14
Suppose 27 + 1 = 2*v. Let a be (4 - 3)/((-3)/(-9)). Calculate the remainder when 164/a + (-2)/(-6) is divided by v.
13
Let d = -104 + 116. What is the remainder when 33 is divided by d?
9
Suppose 0 = t + t + 12. Let k = t + 16. What is the remainder when k is divided by 6?
4
Let d(w) = -w + 3. Let k = -43 + 52. What is the remainder when k is divided by d(0)?
0
Calculate the remainder when 49 is divided by 0 + 24 + (0 - -1).
24
Let n = 8 - 3. Let g = 27 + 4. Suppose 9 = 5*k - g. What is the remainder when k is divided by n?
3
Let y = 6 + -3. Suppose -2*z = -z - y. Suppose 25 = 2*a + z*a. Calculate the remainder when a is divided by 3.
2
Let h(b) = b + 1. Suppose 0 = 2*l + 5*u + 13, 5*l + 0*u + 4*u = 10. What is the remainder when 25 is divided by h(l)?
4
Let z = -3 - -3. Suppose 2*g + 1 - 7 = z. Suppose -g*c - h = -4*h - 30, 53 = 5*c - 2*h. What is the remainder when c is divided by 7?
4
Let p(c) = -6*c - 5. Suppose y + 3 = 0, 3*w + 2*w + 24 = 2*y. What is the remainder when 91 is divided by p(w)?
29
What is the remainder when 52 is divided by ((-2)/(-3))/(6/126)?
10
Let s = 311 + -186. What is the remainder when s is divided by 43?
39
Let x be 0/(-6 + 4) - -4. Suppose -y - x*a = -0*a + 1, 2*a + 39 = 3*y. Calculate the remainder when 32 is divided by y.
10
Let o = -79 - -135. What is the remainder when o is divided by 20?
16
Suppose -3*v - 160 = -3*d - 952, -v - 3*d + 248 = 0. What is the remainder when v is divided by 29?
28
Suppose g + 36 = 4*f, -2*f - 2*f + 3*g = -44. Let t be (-3)/(-2)*(-16)/(-6). What is the remainder when 3*2*10/t is divided by f?
7
Suppose -7*o + 3*o + 8 = 0. Calculate the remainder when (-1 + 6/o)*1 is divided by 1.
0
Let h(m) = m**2 + 9*m + 2. Let y be h(-9). Suppose -c + y*c = 11. Suppose 6 = 2*r - 3*g, -2*g + 6*g + 22 = 5*r. What is the remainder when c is divided by r?
5
Suppose -11*r = -7*r - 116. What is the remainder when r is divided by 10?
9
Let m(o) = -o**2 - 7*o + 1. Let x = 67 + -47. Calculate the remainder when x is divided by m(-5).
9
Let i(h) = -h**2 - h + 2. Let y be i(-3). Let n be (-67)/(-2) + y/(-8). Let o = -20 + n. Calculate the remainder when o is divided by 5.
4
Suppose -2*g = -g - 5. Calculate the remainder when 19 is divided by g.
4
Suppose 3*u = -0*u + 105. Let m be ((-30)/u)/(2/14). Let r = m - -44. What is the remainder when r is divided by 20?
18
Let w(t) = -t**3 - 9*t**2 + 11*t + 15. Calculate the remainder when 22 is divided by w(-10).
2
Let a = 9 - 0. Suppose -6 = -3*s + a. Suppose -s*i + 100 = 5*t - 0*t, -50 = -5*i + 5*t. Calculate the remainder when i is divided by 8.
7
Let x(z) be the first derivative of -z**2 + 3*z + 1. Calculate the remainder when 42 is divided by x(-6).
12
Let a(f) = 7*f**2 - 4*f + 6. What is the remainder when a(2) is divided by 6?
2
Let l(h) be the third derivative of h**6/120 - h**5/20 - h**4/4 + h**3/6 - h**2. What is the remainder when 41 is divided by l(5)?
20
Suppose 0 = 4*u - 8*a + 5*a, -u + 2*a = 5. Calculate the remainder when u is divided by 2 + -2 - -2*1.
1
Let b be ((-243)/12)/(6/(-16)). Calculate the remainder when 53 is divided by (b/(-15))/((-2)/15).
26
Let w(m) = -m**3 + 15*m**2 - 14*m + 8. What is the remainder when 21 is divided by w(14)?
5
Let u(k) = -k**3 - 6*k**2 - k + 6. What is the remainder when u(-6) is divided by 7?
5
Suppose 2*r = 3*r. Let a(g) = 3*g**2 + 5 - 3 - 2*g**2. Calculate the remainder when a(r) is divided by 2.
0
Let h = 4 + 22. What is the remainder when 101 is divided by h?
23
Let l = -35 + 42. Let p(b) = 2*b**2 - 2*b - 4. Let z be (-2 + 1)/((-1)/(-3)). Calculate the remainder when p(z) is divided by l.
6
Suppose 0 = 2*p - 0 - 20. Calculate the remainder when 38 is divided by p.
8
Let l be ((-1)/3)/(5/(-60)). Suppose l*u - 18 = 14. What is the remainder when u is divided by 5?
3
What is the remainder when 5/(30/237) + 6/(-4) is divided by ((-10)/3)/(2/(-6))?
8
Let h be (-2 + 2)/(1/(-1)). Suppose h = 3*c - 5 - 19. Calculate the remainder when 22 is divided by c.
6
Let b(p) = -p**3 - p**2 + 2*p + 8. What is the remainder when 18 is divided by b(0)?
2
Suppose -w = -5*w + 4*k + 132, -177 = -5*w + 2*k. What is the remainder when w is divided by 26?
11
Let y = 21 + 3. Let h = -28 + 20. Let j = h + y. Calculate the remainder when j is divided by 6.
4
Let s(y) = y**2 + 4*y + 5. Let w be s(5). Let i = w - 28. What is the remainder when i is divided by 12?
10
Let x(w) = -w**2 - 10*w - 20. Suppose p + 18 = 4*a + 4*p, 2*a - 3*p = 0. What is the remainder when x(-6) is divided by a?
1
Suppose -4 = q - u, -4*q - 2 = -5*q - u. Calculate the remainder when ((-1)/q)/(3/27) is divided by 5.
4
Suppose -4*r = -2*r - 128. Suppose -4*i + 2*s = -2*s - 20, 4*s = 5*i - 26. Calculate the remainder when r is divided by (-2)/i + 536/24.
20
Let i = -17 + 40. Calculate the remainder when 90 is divided by i.
21
Suppose 2*l = -2*l + 64. Let t = 9 - 33. What is the remainder when 62*3/t*-4 is divided by l?
15
Let h = -21 - -37. What is the remainder when 77 is divided by h?
13
Let m(j) = -j + 1. Suppose t - 35 = 6*t. Calculate the remainder when 22 is divided by m(t).
6
Let n = 35 + -16. Suppose 1 = 5*t - 14. What is the remainder when n is divided by t/15 + (-49)/(-5)?
9
Let l = 73 - 51. Calculate the remainder when l is divided by 6.
4
Let x = 63 + -41. Calculate the remainder when 87 is divided by x.
21
Suppose 5*s - 83 = -2*h, 2*s - 2*h - 30 = -8. What is the remainder when 54 is divided by s?
9
Suppose s = 18 - 3. Calculate the remainder when s is divided by 4.
3
Let n = 20 + 2. Let f = 47 + -27. Suppose 0 = -2*v + 4*d + 16 + f, 0 = v - 3*d - 23. What is the remainder when n is divided by v?
6
Suppose 0 = 3*f - 9*f + 36. Calculate the remainder when 11 is divided by f.
5
Let c(w) = -3*w**2 + 1. Let x be c(1). What is the remainder when -3*-8*x/(-2) is divided by 9?
6
Suppose 8 = -4*a + 4*m, m + 0*m - 4 = 2*a. What is the remainder when 53 is divided by 19 + -1 + 2 + a?
17
What is the remainder when 9 is divided by 3/2 - 3/(-2)?
0
Let s(g) = 5*g**2 + 5. Calculate the remainder when s(-5) is divided by 19.
16
Suppose u + 3*u = 132. Let y = -13 - -25. What is the remainder when u is divided by y?
9
Let i = 8 - 6. Suppose 0 = -3*l + 8*l + y - 136, i*l - 55 = -y. Calculate the remainder when 53 is divided by l.
26
Let r = 182 - 113. Calculate the remainder when r is divided by ((-16)/(-3))/(4/18).
21
Let n(v) be the third derivative of v**5/60 + 3*v**4/8 + 3*v**3/2 + 2*v**2. Let j be n(-8). Suppose -b + 1 = -j. Calculate the remainder when 2 is divided by b.
0
Let v be -1*(-4 + 2 - 193). Suppose 0 = 4*o - 5*f - 260, -3*o + v = 4*f - 9*f. Calculate the remainder when o is divided by 17.
14
Let p(y) = -y + 5. Suppose -5*m + 20 = -4*n, 0*n = 5*m + 2*n + 10. What is the remainder when p(m) is divided by 2?
1
Let q(s) = -10*s + 6. Let z be q(-6). Suppose 3*x - z = -0*x. What is the remainder when x is divided by 6?
4
Let p = 7 + 0. What is the remainder when 20 is divided by p?
6
Let j(n) = n + 17. What is the remainder when 65 is divided by j(0)?
14
Let w = 16 - -6. Let r = -12 + w. Suppose 42*s - 47*s = -30. What is the remainder when r is divided by